s 94295 prime?
False
Is 8939 composite?
True
Is 14177 a composite number?
False
Is 1243057 composite?
True
Is 222487 composite?
True
Is 1215839 a composite number?
False
Is 991 prime?
True
Is 944297 prime?
True
Is 520727 a prime number?
False
Is 244711 a prime number?
True
Is 16823 a prime number?
True
Is 19445 composite?
True
Is 328951 composite?
True
Is 866161 prime?
True
Is 18481 a prime number?
True
Is 12359 prime?
False
Is 8885 prime?
False
Is 16469 a prime number?
False
Is 29009 composite?
False
Is 14383 prime?
False
Is 15767 composite?
False
Is 409009 prime?
False
Is 123323 prime?
True
Is 8663 prime?
True
Is 55871 a prime number?
True
Is 694259 a prime number?
True
Is 11273 composite?
False
Is 171427 a prime number?
True
Is 75121 prime?
False
Is 1056071 prime?
True
Is 39505 a prime number?
False
Is 16663 a prime number?
False
Is 922 prime?
False
Is 13367 composite?
False
Is 21685 a composite number?
True
Is 181639 prime?
True
Is 436637 composite?
True
Is 12479 prime?
True
Is 74959 composite?
False
Is 30343 composite?
True
Is 20857 a composite number?
False
Is 2557 composite?
False
Is 12007 composite?
False
Is 204667 composite?
False
Is 328721 prime?
True
Is 236867 composite?
False
Is 29251 a prime number?
True
Is 63287 a composite number?
True
Is 18019 composite?
True
Is 113635 prime?
False
Is 9293 prime?
True
Is 4721 a prime number?
True
Is 14741 prime?
True
Is 5383 prime?
False
Is 4253 composite?
False
Is 79637 a composite number?
True
Is 473539 a composite number?
True
Is 529741 a composite number?
False
Is 20467 a prime number?
False
Is 19973 a prime number?
True
Is 282559 a prime number?
True
Is 283721 a composite number?
False
Is 9627 a composite number?
True
Is 252313 prime?
True
Is 4907 prime?
False
Is 9311 a composite number?
False
Is 1287661 composite?
False
Is 76177 a prime number?
False
Is 2447 prime?
True
Is 8641 composite?
False
Is 982223 composite?
True
Is 15802 composite?
True
Is 5045 a composite number?
True
Is 1322813 composite?
False
Is 51577 a prime number?
True
Is 226657 a composite number?
False
Is 39499 a composite number?
False
Is 2719 a prime number?
True
Is 11519 a composite number?
False
Is 212601 composite?
True
Is 410477 a prime number?
True
Is 373279 a composite number?
True
Is 404563 prime?
False
Is 219433 a prime number?
True
Is 8923 prime?
True
Is 56591 a composite number?
False
Is 9091 composite?
False
Is 27239 a composite number?
False
Is 43037 composite?
False
Is 156817 prime?
True
Is 47267 prime?
False
Is 196769 prime?
True
Is 2437 composite?
False
Is 55423 a prime number?
False
Is 624046 prime?
False
Is 6031 composite?
True
Is 337843 composite?
True
Is 82697 a composite number?
True
Is 409 composite?
False
Is 20563 composite?
False
Is 113537 a prime number?
True
Is 23459 composite?
False
Is 94571 prime?
False
Is 6019 composite?
True
Is 163 a composite number?
False
Is 142249 a composite number?
True
Is 131041 prime?
True
Is 66293 a prime number?
True
Is 102839 a prime number?
False
Is 276173 composite?
False
Is 124169 a prime number?
False
Is 1931 prime?
True
Is 746 prime?
False
Is 26819 prime?
False
Is 26671 a prime number?
False
Is 69991 prime?
True
Is 16963 a prime number?
True
Is 17827 composite?
False
Is 87833 prime?
True
Is 31945 a composite number?
True
Is 689 prime?
False
Is 898291 composite?
False
Is 49697 a composite number?
False
Is 3221 prime?
True
Is 4595 a prime number?
False
Is 4079 composite?
False
Is 9173 prime?
True
Is 110849 a prime number?
True
Is 4609 a composite number?
True
Is 42977 a composite number?
True
Is 45077 a composite number?
False
Is 40757 a prime number?
False
Is 121117 a composite number?
True
Is 46619 composite?
False
Is 1474465 a prime number?
False
Is 582299 a composite number?
False
Is 77593 composite?
True
Is 156554 composite?
True
Is 2215 a composite number?
True
Is 1797 prime?
False
Is 13001 prime?
True
Is 143053 prime?
True
Is 8983 a prime number?
False
Is 13649 a composite number?
False
Is 10303 a prime number?
True
Is 67911 a composite number?
True
Is 1643 a composite number?
True
Is 97771 composite?
False
Is 6389 a composite number?
False
Is 1316597 a prime number?
False
Is 1108981 a prime number?
False
Is 187259 a prime number?
False
Is 220517 a composite number?
True
Is 14095 a composite number?
True
Is 2746 composite?
True
Is 2168701 a composite number?
False
Is 26473 a prime number?
False
Is 42793 a prime number?
True
Is 2062 a composite number?
True
Is 939 prime?
False
Is 5033 a composite number?
True
Is 50891 composite?
False
Is 76309 prime?
False
Is 16862 a prime number?
False
Is 703247 prime?
False
Is 5951 composite?
True
Is 362587 a prime number?
False
Is 52163 composite?
False
Is 650371 a composite number?
True
Is 257671 prime?
True
Is 160123 a composite number?
True
Is 20327 prime?
True
Is 13523 a prime number?
True
Is 16879 a prime number?
True
Is 11126 a composite number?
True
Is 285303 prime?
False
Is 14163 prime?
False
Is 425969 a prime number?
False
Is 138497 prime?
True
Is 138401 prime?
True
Is 46439 composite?
False
Is 1288897 a composite number?
True
Is 6401 composite?
True
Is 863 prime?
True
Is 13997 a composite number?
False
Is 39659 a prime number?
True
Is 78203 a prime number?
True
Is 14123 prime?
False
Is 1050713 a prime number?
True
Is 15299 composite?
False
Is 84377 a prime number?
True
Is 5759 a composite number?
True
Is 109955 prime?
False
Is 479 a prime number?
True
Is 24377 composite?
True
Is 7867 a prime number?
True
Is 13841 a composite number?
False
Is 352579 a composite number?
False
Is 1717129 prime?
True
Is 72827 a prime number?
False
Is 22047 prime?
False
Is 21631 a composite number?
True
Is 25157 a prime number?
False
Is 157555 a composite number?
True
Is 28115 prime?
False
Is 68729 prime?
True
Is 6905 prime?
False
Is 183907 composite?
False
Is 109229 composite?
False
Is 30445 composite?
True
Is 69623 prime?
True
Is 45361 a composite number?
False
Is 14493 a composite number?
True
Is 11437 a prime number?
True
Is 6323 prime?
True
Is 3274 a composite number?
True
Is 24443 prime?
True
Is 575095 composite?
True
Is 179617 a composite number?
True
Is 11801 a prime number?
True
Is 17769 composite?
True
Is 149689 a composite number?
False
Is 72809 a prime number?
False
Is 221423 composite?
True
Is 186601 a composite number?
False
Is 141369 composite?
True
Is 16143 composite?
True
Is 223 a prime number?
True
Is 257 a prime number?
True
Is 20173 prime?
True
Is 43729 a composite number?
True
Is 58789 prime?
True
Is 177167 composite?
False
Is 20639 a prime number?
True
Is 8153 a prime number?
False
Is 334931 a composite number?
False
Is 746435 composite?
True
Is 12317 composite?
True
Is 990127 a composite number?
True
Is 53591 a composite number?
False
Is 339289 prime?
True
Is 100159 prime?
False
Is 54997 a prime number?
False
Is 91007 prime?
False
Is 13799 prime?
True
Is 41771 a prime number?
True
Is 451823 a prime number?
True
Is 94881 a prime number?
False
Is 447839 a composite number?
True
Is 14269 a composite number?
True
Is 17077 prime?
True
Is 150119 prime?
False
Is 4201 composite?
False
Is 12007 composite?
False
Is 6544573 a prime number?
False
Is 154383 a prime number?
False
Is 32663 a composite number?
True
Is 40735 a composite number?
True
Is 1594 a prime number?
False
Is 6029 a composite number?
False
Is 8299 prime?
False
Is 5633 a composite number?
True
Is 877699 prime?
True
Is 685207 prime?
False
Is 818 a prime number?
False
Is 9337 a prime number?
True
Is 12469 a composite number?
True
Is 95063 a composite number?
False
Is 23703 prime?
False
Is 45007 prime?
True
Is 29657 composite?
True
Is 13463 a prime number?
True
Is 16729 a composite number?
False
Is 2081 a composite number?
False
Is 1284601 a composite number?
False
Is 404509 prime?
False
Is 656867 composite?
True
Is 11851 a composite number?
True
Is 40735 a prime number?
False
Is 12659 prime?
True
Is 3029 a prime number?
False
Is 335323 a composite number?
False
Is 8263 a prime number?
True
Is 772061 a prime number?
True
Is 1049 composite?
False
Is 40567 prime?
False
Is 37397 a composite number?
False
Is 21587 composite?
False
Is 37841 composite?
True
Is 515 composite?
True
Is 491527 prime?
True
Is 19661 composite?
False
Is 33461 a prime number?
True
I